*k**2 + 3*k - 30. Let r(z) = -2*l(z) - 5*s(z). Let w(p) be the first derivative of r(p). Determine w(6).
-8
Let p(k) = k**2 + 13*k - 2. Suppose 28*n + 252 + 112 = 0. Calculate p(n).
-2
Let k(a) = 2*a**2 + 1180 - 2341 + 14*a + 1178. What is k(-6)?
5
Let g = -19 + 23. Let t be 6/g*168/36. Let w(f) = -f**2 + 7*f + 5. Calculate w(t).
5
Let j(n) = -n**2 + 3*n + 5. Let x be j(4). Let g(y) = -17*y**2. Calculate g(x).
-17
Let o(v) = -95 + 220 + 6*v**2 - v**3 + 26*v - 115. Calculate o(9).
1
Let b = -2911 + 2918. Let q(s) = s**2 - s - 7. Give q(b).
35
Let b(i) = 26*i + 43. Let w(p) = -5*p - 8. Let c(q) = 2*b(q) + 11*w(q). Determine c(1).
-5
Let k(w) = 6*w**3 + 3*w**3 - 1 + 3*w**2 + 2*w**3 - 10*w**3. Let a = -3 - -6. Suppose 0*q + q + a = 0. Calculate k(q).
-1
Let f be (-8)/(((-5)/(-5))/(-1)). Let j(d) = f*d + 6 + 0*d + 44*d**2 - 43*d**2. What is j(-6)?
-6
Let m(t) = -t**2 + 13*t - 18. Suppose 0 = -57*l + 54*l + 36. Determine m(l).
-6
Let j(k) = 25*k**3 - 3*k - 7 - 10*k**2 + 21*k**3 - 45*k**3 + 13*k - 8. Determine j(9).
-6
Let n(z) = -2 - 2 + 3*z + 3 + 12. Suppose 4*b + 16 = -4*f, 5*b - b - 3*f + 23 = 0. Let k be n(b). Let x(w) = -w**3 - 4*w**2 - w. Calculate x(k).
4
Let i be 14/(-10) + 6/(-10). Let f(b) = -2*b - 9 - 4*b**2 + 45*b**3 + 8 + 2*b**2 - 44*b**3. Give f(i).
-13
Let z(a) = -13*a - 5. Let g(j) = -20*j - 7. Let n(d) = -5*g(d) + 8*z(d). Give n(2).
-13
Let f = -9 + 14. Let z(g) be the second derivative of 4*g + 0 + g**3 - 1/6*g**4 + 7/2*g**2. Determine z(f).
-13
Suppose 2*q + 2*g - 42 = 0, -4*q + 97 = q - 3*g. Let o = q + -18. Suppose -3*i + 5 = o*k, -2*k - 25 = -i + 2*k. Let n(a) = -a + 5. Determine n(i).
0
Let l be 18/(-4) - (-3)/2. Let n(q) = -q - 1. Let g be n(l). Let o(f) = -8*f - 1. Calculate o(g).
-17
Let t(m) = 5*m + 6. Let d(i) = 9*i + 11. Let y(n) = -3*d(n) + 5*t(n). What is y(-7)?
11
Let x(w) = 5*w - 27. Let d be x(7). Let g(h) = -1 - 4 + 0 + 0 + h. Determine g(d).
3
Let r(g) = -17*g + 2. Let m(u) = -8*u + 1. Let s(n) = -13*m(n) + 6*r(n). Let y(v) = 248*v + 500. Let d be y(-2). Give s(d).
7
Let n(y) = -3*y - 15. Let w(r) = -3*r - 8. Let l(x) = 5*n(x) - 7*w(x). Calculate l(4).
5
Suppose -5*m = x - 2, 1 + 1 = x - 3*m. Let c(y) = x*y + 0*y + 0 + 2 - 1. What is c(-1)?
-1
Suppose 4 + 164 = -4*r. Let t = r - -50. Let y(s) = 2*s - 11. Give y(t).
5
Let d = -10 - -6. Let o(a) = 0 + 222*a - 442*a - 4 + 222*a. Calculate o(d).
-12
Let t(s) = -4*s**2 - 45*s + 31. Let u be t(-12). Let g(r) = -3*r - 7. Give g(u).
8
Let a(c) = 38*c + 311. Let d be a(-8). Let z(u) = -3*u + 5. Give z(d).
-16
Let x(l) be the second derivative of -l**3/2 - l**2 - 4*l - 2. Suppose 0*b - 3*b - 33 = 0. Let m be 35/b - (-6)/33. Calculate x(m).
7
Let i(s) = -s. Suppose 10*k = 7*k + 9. Suppose h - 3*l - 2 = -1, k = 3*h + l. What is i(h)?
-1
Let f(w) = -18*w**3 - 2*w + 1. Let u be 12 - (-470)/(-40) - 3/(-4). What is f(u)?
-19
Let b be (77/28)/(1/4). Let d = 16 - b. Suppose 22 = 3*c - d*m, m - 5 - 9 = -4*c. Let i(r) = r**2 - 2*r + 3. Determine i(c).
11
Let y(q) = -5*q - 1. Let x = -533 - -529. Give y(x).
19
Let t(p) = -p**3 - 4*p**2 + 2*p + 6. Let j(d) = d - 8. Let z be j(14). Let i be (4 - z - 0)*2. Give t(i).
-2
Let x(h) = -4 + 4 - 5*h. Let j(l) = l. Let w(v) = -6*j(v) - x(v). Suppose 16*n = 49*n - 198. What is w(n)?
-6
Let b be (-450)/20 + (-6)/(-4). Let f be (-3 + b/(-2))*(-8)/10. Let n(m) = -m**2 - 4*m + 8. Give n(f).
-4
Let n(d) = 69*d**3 - d**2 + 8*d - 5. Let z(k) = -34*k**3 - 3*k + 2. Let j(p) = -2*n(p) - 5*z(p). What is j(1)?
33
Let k(a) = -5*a. Let q(c) = c**2 - 5*c - 11. Let o be q(7). Suppose 0*y = 3*y - o*f, -2*f = 5*y - 7. Calculate k(y).
-5
Let x = -15 - -12. Let j(d) be the first derivative of -5*d**2/2 - 3*d + 6. Let q(g) = 5*g + 2. Let f(p) = x*q(p) - 2*j(p). Give f(1).
-5
Let y(s) = s + 1. Let p = -21 + 24. Suppose p*t - 29 = -32. What is y(t)?
0
Let l(i) = 4*i - 67. Let m be l(16). Let h(x) = -3*x - x**2 + 55 - 16 - 22 - 16. Calculate h(m).
1
Let u = 174 + -173. Let n(x) = 10*x**3 + x**2 - 2*x + 1. Calculate n(u).
10
Let n(t) = -2*t**2 - 2*t + 1. Let g = -7 - -38. Suppose 0 = -2*f + 5*s - g, -4*f - 5*s - 1 + 14 = 0. What is n(f)?
-11
Let w(d) = -3*d**3 + 23*d**2 - 14*d - 7. Let o(r) = -r**3 + 8*r**2 - 5*r - 3. Let z(p) = -7*o(p) + 2*w(p). Calculate z(9).
-11
Suppose -5*c - 2*k + 2 = -83, -51 = -3*c - 2*k. Let t = 18 - c. Let l(v) = 4*v**2 + 0*v + 0*v + 2*v**3 + t + v**2 + 3*v. What is l(-3)?
-17
Let j(x) = -4*x + 1. Let a(t) = 3*t**3 - t. Let l be a(1). Let d(i) = -7 - 9*i**2 + 8*i**l + 9*i + 1. Let f be d(8). What is j(f)?
-7
Let m(v) = -14 - 6*v**2 - 4*v**3 + v + 13 + 6*v**2 - v**2. Determine m(-2).
25
Let m = 29 + -21. Suppose 0 = -t + m - 14. Let x(r) = 3*r - r**3 + 22*r**2 + 1 - 42*r**2 + 14*r**2. Calculate x(t).
-17
Let o(r) = -r**3 - 7*r**2 + 8*r + 6. Suppose 21 = -302*a + 300*a - x, -x - 37 = 4*a. Determine o(a).
6
Let u(z) = -4*z**2 - z - 6. Let a(n) = 3*n**2 + n + 5. Let c(x) = 3*a(x) + 2*u(x). Let j(d) be the first derivative of c(d). Give j(2).
5
Let f(x) = -12*x - 5. Let o = 413 + -417. What is f(o)?
43
Let z(s) be the first derivative of -s**4/4 - 5*s**3/3 + 7*s**2 + 5*s - 710. What is z(-7)?
5
Let b(m) be the third derivative of -7*m**4/24 - 13*m**3/2 - 3*m**2 + 10*m. What is b(-6)?
3
Let b(g) = -g**2 - 10*g - 2. Let v = -703 + 697. Give b(v).
22
Let z(l) = -17*l**3 - l**2 - 10*l - 22. Let v be z(-2). Let t = v + -125. Let g(f) = -2*f**2 + 8*f - 7. Give g(t).
-17
Let r(n) be the second derivative of -n**3/2 + 14*n**2 + n - 155. Calculate r(6).
10
Let v(w) = w**3 + 5*w**2 - 6*w + 1. Let y be v(-6). Let g be (3/(-6))/(y/(-4)). Let d(l) = 6*l - 2. What is d(g)?
10
Let w(k) = 7*k + 1. Let r(h) be the second derivative of -4*h**3/3 - h**2 - 2*h. Let j(o) = 4*r(o) + 5*w(o). Let b be 6/(-2) - -3 - (-7 - -5). Calculate j(b).
3
Let j(h) = -h**3 - 21*h**2 - 21*h - 15. Suppose 2*a + 5*n = -20, -3*a + n + 16 = -4*a. Give j(a).
5
Let n(t) = -2 - 2*t + 5*t + 649*t**2 - 648*t**2 + t. Give n(-6).
10
Let x(s) = s**3 + s**2 - s - 10. Let w(p) be the first derivative of -2*p**2 - 22. Let t be w(0). Determine x(t).
-10
Let i(w) = -w**2 - 7*w - 2. Suppose -66 = 4*g - 7*g. Suppose 0 = 5*v + 3*a + g, -v + 5*a = -2*v. Give i(v).
8
Let a(r) = 4*r**3 + r. Let f = -15 - -12. Let v(d) be the third derivative of 11*d**6/120 + d**5/60 + d**4/8 + d**2. Let y(x) = f*v(x) + 8*a(x). Give y(-2).
-2
Let i be (9/(-6))/(15/(-30)). Let x(k) = -k**2 + 3*k + 4. Determine x(i).
4
Let d(v) = 6*v**3 - 4*v**2 + 3*v. Let r be (6/8)/((-24)/(-64)). Calculate d(r).
38
Let s(w) = -4 + 3 + 6 + 992*w + 2*w**2 - 986*w. Calculate s(-4).
13
Let a = -4 + 6. Let t(l) be the third derivative of -11*l**4/24 - l**3/6 + 6*l**2 + 171*l + 4. Give t(a).
-23
Let a = 2 - -2. Let h(o) = 2*o + 14. Let l(r) = 44*r + 336. Let x(i) = -24*h(i) + l(i). Determine x(a).
-16
Let u(t) = -t**2 - 17. Let k = -1675 + 1675. Give u(k).
-17
Let b(s) be the second derivative of -s**4/12 - s**3/3 + 2*s**2 + s. Suppose 5*m - q - 5 = -21, -2*q = 3*m + 20. Calculate b(m).
-4
Let l(j) be the second derivative of j**6/360 - j**5/120 + j**4/12 - j**3/3 - 30*j. Let x(w) be the second derivative of l(w). Give x(0).
2
Let t(f) be the second derivative of 0 + 0*f**4 - f + 5/2*f**2 - 1/6*f**3 + 1/60*f**5. Let l(w) be the first derivative of t(w). Determine l(2).
3
Let l(d) be the second derivative of 1/6*d**3 + 1/2*d**2 - 10*d + 0. What is l(-7)?
-6
Let r(l) = -l**3 + 10*l**2 + 13*l - 25. Let m be r(11). Let t be 36/(-27) - 1/m. Let u(h) be the first derivative of h**2 - h - 1. What is u(t)?
-3
Let t(p) = -7*p + 23. Let w(f) = f - 4. Let x(q) = t(q) + 6*w(q). Suppose h + h - 2 = 0, -4*n = -3*h + 3. Suppose n*z = 2*z + 4. Determine x(z).
1
Let v(j) be the third derivative of -j**4/4 + j**3/2 - 65*j**2. Give v(3).
-15
Suppose -2*s + 9 = -1. Suppose -2*m + 8*l = 4*l - 8, 4*l = s*m - 14. Let c(w) = -7 - 5*w - 5*w**2 + 5*w**2 - w**m. Determine c(-5).
-7
Let y = 961/42 - 159/7. Let g(t) be the second derivative of 0 + 2/3*t**3 - 2*t**2 + y*t**4 - 2*t. Determine g(-4).
12
Let o(x) = -28*x + 141. Let k be o(5). Let d(j) = 11*j**2. Give d(k).
11
Let s(l) = 27*l**3 - l**2 + 1. Let z be -2*1 + 14/(5 - -9). What is s(z)?
-27
Let q(g) = 4*g**2 - 8*g + 7. Let x(y) = -y**2 + 2*y - 2. Let l(d) = 2*q(d) + 9*x(d). Suppose n + 3*n - 20 = 0, -2*n = r - 14.